{"id":2641,"date":"2021-04-19T16:24:13","date_gmt":"2021-04-19T16:24:13","guid":{"rendered":"https:\/\/pf-poirie.fr\/?page_id=2641"},"modified":"2024-12-20T08:33:36","modified_gmt":"2024-12-20T08:33:36","slug":"mentions-legales","status":"publish","type":"page","link":"https:\/\/pf-poirie.fr\/index.php\/mentions-legales\/","title":{"rendered":"Mentions L\u00e9gales"},"content":{"rendered":"<p>[vc_row][vc_column][vc_empty_space height=\u00a0\u00bb50px\u00a0\u00bb][vc_column_text]<\/p>\n<h1><img loading=\"lazy\" decoding=\"async\" class=\"alignnone size-full wp-image-2670\" src=\"https:\/\/pf-poirie.fr\/wp-content\/uploads\/2021\/05\/fleur.png\" alt=\"\" width=\"65\" height=\"16\" \/>Mentions L\u00e9gales<\/h1>\n<p>[\/vc_column_text][vc_empty_space height=\u00a0\u00bb50px\u00a0\u00bb][vc_column_text]<strong>Nom ou Raison sociale : POMPES FUNEBRES MARBRERIE ANDR\u00c9 POIRI\u00c9<\/strong><br \/>\n<strong>Adresse : 2 rue roger couderc\u00a0 60000 Beauvais\u00a0<\/strong><br \/>\n<strong>Adresse \u00e9lectronique : andrepoirie@orange.fr<\/strong><br \/>\n<strong>T\u00e9l\u00e9phone :\u00a0<\/strong><strong>03 44 45 14 39<\/strong><br \/>\n<strong>Forme juridique\u00a0:\u00a0<\/strong>SARL<br \/>\n<strong>Date de cr\u00e9ation\u00a0:\u00a0<\/strong>janvier 2000<br \/>\n<strong>Mentions RCS :\u00a0<\/strong>Beauvais B 431 228 477<br \/>\n<strong>Capital social :\u00a0<\/strong>50 000 EUROS<br \/>\n<strong>N\u00b0 SIRET de l\u2019\u00e9tablissement : 43122847700037\u00a0<\/strong><br \/>\n<strong>Mention l\u00e9gales sp\u00e9cifiques\u00a0:<\/strong><br \/>\n<strong>CODE NAF :<\/strong>\u00a09600Z<br \/>\n<strong>HABILITATION :<\/strong> 22 &#8211; 60 &#8211; 0001<br \/>\n<strong>N\u00b0ORIAS :<\/strong>\u00a009 049375<br \/>\n<strong>N\u00b0 d&rsquo;assujetissement \u00e0 la TVA :\u00a0<\/strong>FR32431228477<\/p>\n<p><strong>CNIL<\/strong>\u00a0:<br \/>\nCe site a fait l&rsquo;objet d&rsquo;un enregistrement aupr\u00e8s de la CNIL le 22 mai 2015 sous le num\u00e9ro : 1861260vO<br \/>\n<strong>H\u00e9bergeur du site<\/strong>\u00a0:<br \/>\nSite construit par Solas Conseil<br \/>\n<strong>R\u00e9alisation du site<\/strong>\u00a0:<br \/>\nSOLAS Conseil, SAS au capital de 4000 \u20ac &#8211; 3 rue Ch\u00e8vremont 35400 Saint-Malo<br \/>\nRCS SAINT-MALO 789 859\u00a0485 \u00a0N\u00b0 TVA Intracommunautaire : FR 96789859485<br \/>\n<a href=\"http:\/\/www.solas-conseil.com\/\" target=\"_blank\" rel=\"noopener\">solas-conseil.com<\/a><\/p>\n<p><strong>M\u00e9diation de la Consommation :<\/strong><br \/>\nEn cas de d\u00e9saccord avec la r\u00e9ponse apport\u00e9e par le professionnel \u00e0 une r\u00e9clamation, le client-consommateur peut, dans les conditions pr\u00e9vues aux articles L612-1 et suivants du Code de la Consommation, saisir le M\u00e9diateur de la Consommation des Professions Fun\u00e9raires par courriel (mediateur@mediateurconso-servicesfuneraires.fr) ou par voie postale \u00e0 l\u2019adresse suivante : 14, Rue des Foss\u00e9s Saint Marcel 75005 PARIS, ou en consultant le site internet du M\u00e9diateur de la Consommation des Professions Fun\u00e9raires et en utilisant le formulaire en ligne pr\u00e9vu \u00e0 cet effet : https:\/\/mediateurconso-servicesfuneraires.fr).<\/p>\n<p><strong>Graphisme :<\/strong> Web Art Cr\u00e9ation<\/p>\n<p>&nbsp;<\/p>\n<div><strong>Copyright photos : Fotolia, Shutterstock :<\/strong><br \/>\nHcast \/ Darren Baker \/Maksim Kostenko \/ Jenny Sturm \/ mycteria \/ SusaZoom \/ DoraZett \/ vouvraysan \/ esolla \/ eyetronic \/ Michael Kaiser \/Subbotina Anna \/ skywing \/anitasstudio \/ Pavelis \/ drob \/ grigvovan \/ Kzenon \/ GordonGrand \/ Kzenon \/ itsmejust \/auremar \/ M.D\u00f6rr &amp; M.Frommherz \/JPC-PROD \/ philippe Devanne \/ JPC-PROD \/ Michael Nivelet \/ philippe Devanne \/ Alexander Raths \/jd-photodesign \/ Robert Kneschke \/ styleuneed \/ PackShot \/ lelb \/ Vidady \/ Robert Hoetink \/ Petra Beerhalter \/ Darren Baker \/ CSschmuck \/ eyetronic \/ Rynio Productions \/ Velocista \/ Robyn Mackenzie\/ Ambient Ideas \/ LiliGraphie \/ iSKYDANCER \/ Shutterstock.com\u00a9DeGoodluz (femme ordinateur) Shutterstock \u00a9ALPA PROD<\/div>\n<p>[\/vc_column_text][\/vc_column][\/vc_row][vc_row][vc_column][vc_empty_space][vc_separator color=\u00a0\u00bbpeacoc\u00a0\u00bb][vc_empty_space][\/vc_column][\/vc_row]<\/p>\n","protected":false},"excerpt":{"rendered":"<p>[vc_row][vc_column][vc_empty_space height=\u00a0\u00bb50px\u00a0\u00bb][vc_column_text] Mentions L\u00e9gales [\/vc_column_text][vc_empty_space height=\u00a0\u00bb50px\u00a0\u00bb][vc_column_text]Nom ou Raison sociale : POMPES FUNEBRES MARBRERIE ANDR\u00c9 POIRI\u00c9 Adresse : 2 rue roger couderc\u00a0 60000 Beauvais\u00a0 Adresse \u00e9lectronique : andrepoirie@orange.fr T\u00e9l\u00e9phone :\u00a003 44 45 14 39 Forme juridique\u00a0:\u00a0SARL Date de cr\u00e9ation\u00a0:\u00a0janvier 2000 Mentions RCS :\u00a0Beauvais B 431 228 477 Capital social :\u00a050 000 EUROS N\u00b0 SIRET de l\u2019\u00e9tablissement&hellip;<\/p>\n","protected":false},"author":1,"featured_media":0,"parent":0,"menu_order":0,"comment_status":"closed","ping_status":"open","template":"","meta":[],"class_list":["post-2641","page","type-page","status-publish","hentry","description-off"],"_links":{"self":[{"href":"https:\/\/pf-poirie.fr\/index.php\/wp-json\/wp\/v2\/pages\/2641","targetHints":{"allow":["GET"]}}],"collection":[{"href":"https:\/\/pf-poirie.fr\/index.php\/wp-json\/wp\/v2\/pages"}],"about":[{"href":"https:\/\/pf-poirie.fr\/index.php\/wp-json\/wp\/v2\/types\/page"}],"author":[{"embeddable":true,"href":"https:\/\/pf-poirie.fr\/index.php\/wp-json\/wp\/v2\/users\/1"}],"replies":[{"embeddable":true,"href":"https:\/\/pf-poirie.fr\/index.php\/wp-json\/wp\/v2\/comments?post=2641"}],"version-history":[{"count":5,"href":"https:\/\/pf-poirie.fr\/index.php\/wp-json\/wp\/v2\/pages\/2641\/revisions"}],"predecessor-version":[{"id":2798,"href":"https:\/\/pf-poirie.fr\/index.php\/wp-json\/wp\/v2\/pages\/2641\/revisions\/2798"}],"wp:attachment":[{"href":"https:\/\/pf-poirie.fr\/index.php\/wp-json\/wp\/v2\/media?parent=2641"}],"curies":[{"name":"wp","href":"https:\/\/api.w.org\/{rel}","templated":true}]}}

Mentions Légales

<p>[vc_row][vc_column][vc_empty_space height= »50px »][vc_column_text]</p>
<h1><img loading="lazy" decoding="async" class="alignnone size-full wp-image-2670" src="https://pf-poirie.fr/wp-content/uploads/2021/05/fleur.png" alt="" width="65" height="16" />Mentions Légales</h1>
<p>[/vc_column_text][vc_empty_space height= »50px »][vc_column_text]<strong>Nom ou Raison sociale : POMPES FUNEBRES MARBRERIE ANDRÉ POIRIÉ</strong><br />
<strong>Adresse : 2 rue roger couderc  60000 Beauvais </strong><br />
<strong>Adresse électronique : andrepoirie@orange.fr</strong><br />
<strong>Téléphone : </strong><strong>03 44 45 14 39</strong><br />
<strong>Forme juridique : </strong>SARL<br />
<strong>Date de création : </strong>janvier 2000<br />
<strong>Mentions RCS : </strong>Beauvais B 431 228 477<br />
<strong>Capital social : </strong>50 000 EUROS<br />
<strong>N° SIRET de l’établissement : 43122847700037 </strong><br />
<strong>Mention légales spécifiques :</strong><br />
<strong>CODE NAF :</strong> 9600Z<br />
<strong>HABILITATION :</strong> 22 &#8211; 60 &#8211; 0001<br />
<strong>N°ORIAS :</strong> 09 049375<br />
<strong>N° d&rsquo;assujetissement à la TVA : </strong>FR32431228477</p>
<p><strong>CNIL</strong> :<br />
Ce site a fait l&rsquo;objet d&rsquo;un enregistrement auprès de la CNIL le 22 mai 2015 sous le numéro : 1861260vO<br />
<strong>Hébergeur du site</strong> :<br />
Site construit par Solas Conseil<br />
<strong>Réalisation du site</strong> :<br />
SOLAS Conseil, SAS au capital de 4000 € &#8211; 3 rue Chèvremont 35400 Saint-Malo<br />
RCS SAINT-MALO 789 859 485  N° TVA Intracommunautaire : FR 96789859485<br />
<a href="http://www.solas-conseil.com/" target="_blank" rel="noopener">solas-conseil.com</a></p>
<p><strong>Médiation de la Consommation :</strong><br />
En cas de désaccord avec la réponse apportée par le professionnel à une réclamation, le client-consommateur peut, dans les conditions prévues aux articles L612-1 et suivants du Code de la Consommation, saisir le Médiateur de la Consommation des Professions Funéraires par courriel (mediateur@mediateurconso-servicesfuneraires.fr) ou par voie postale à l’adresse suivante : 14, Rue des Fossés Saint Marcel 75005 PARIS, ou en consultant le site internet du Médiateur de la Consommation des Professions Funéraires et en utilisant le formulaire en ligne prévu à cet effet : https://mediateurconso-servicesfuneraires.fr).</p>
<p><strong>Graphisme :</strong> Web Art Création</p>
<p>&nbsp;</p>
<div><strong>Copyright photos : Fotolia, Shutterstock :</strong><br />
Hcast / Darren Baker /Maksim Kostenko / Jenny Sturm / mycteria / SusaZoom / DoraZett / vouvraysan / esolla / eyetronic / Michael Kaiser /Subbotina Anna / skywing /anitasstudio / Pavelis / drob / grigvovan / Kzenon / GordonGrand / Kzenon / itsmejust /auremar / M.Dörr &amp; M.Frommherz /JPC-PROD / philippe Devanne / JPC-PROD / Michael Nivelet / philippe Devanne / Alexander Raths /jd-photodesign / Robert Kneschke / styleuneed / PackShot / lelb / Vidady / Robert Hoetink / Petra Beerhalter / Darren Baker / CSschmuck / eyetronic / Rynio Productions / Velocista / Robyn Mackenzie/ Ambient Ideas / LiliGraphie / iSKYDANCER / Shutterstock.com©DeGoodluz (femme ordinateur) Shutterstock ©ALPA PROD</div>
<p>[/vc_column_text][/vc_column][/vc_row][vc_row][vc_column][vc_empty_space][vc_separator color= »peacoc »][vc_empty_space][/vc_column][/vc_row]</p>

<p>[vc_row][vc_column][vc_empty_space height= »50px »][vc_column_text] Mentions Légales [/vc_column_text][vc_empty_space height= »50px »][vc_column_text]Nom ou Raison sociale : POMPES FUNEBRES MARBRERIE ANDRÉ POIRIÉ Adresse : 2 rue roger couderc  60000 Beauvais  Adresse électronique : andrepoirie@orange.fr Téléphone : 03 44 45 14 39 Forme juridique : SARL Date de création : janvier 2000 Mentions RCS : Beauvais B 431 228 477 Capital social : 50 000 EUROS N° SIRET de l’établissement&hellip;</p>
