{"id":2615,"date":"2021-04-19T10:39:13","date_gmt":"2021-04-19T10:39:13","guid":{"rendered":"https:\/\/pf-poirie.fr\/?page_id=2615"},"modified":"2023-04-12T09:29:49","modified_gmt":"2023-04-12T09:29:49","slug":"prevoyance","status":"publish","type":"page","link":"https:\/\/pf-poirie.fr\/index.php\/prevoyance\/","title":{"rendered":"Pr\u00e9voyance"},"content":{"rendered":"<p>[vc_row][vc_column][vc_empty_space height=\u00a0\u00bb50px\u00a0\u00bb][vc_column_text]<\/p>\n<h1><img loading=\"lazy\" decoding=\"async\" class=\"alignnone size-full wp-image-2670\" src=\"https:\/\/pf-poirie.fr\/wp-content\/uploads\/2021\/05\/fleur.png\" alt=\"\" width=\"65\" height=\"16\" \/>Contrat Obs\u00e8ques<\/h1>\n<p>[\/vc_column_text][vc_empty_space height=\u00a0\u00bb30px\u00a0\u00bb][vc_column_text]Un contrat obs\u00e8ques est un contrat conclu entre une personne et une entreprise de pompes fun\u00e8bres ou une compagnie d&rsquo;assurance, qui a pour objectif de pr\u00e9voir et de financer les frais li\u00e9s \u00e0 ses obs\u00e8ques.[\/vc_column_text][vc_empty_space height=\u00a0\u00bb20px\u00a0\u00bb][\/vc_column][\/vc_row][vc_row][vc_column][vc_empty_space][vc_column_text]<img loading=\"lazy\" decoding=\"async\" class=\"size-medium wp-image-2745 alignright\" src=\"https:\/\/pf-poirie.fr\/wp-content\/uploads\/2023\/04\/ContratObseques-300x200.jpg\" alt=\"\" width=\"300\" height=\"200\" srcset=\"https:\/\/pf-poirie.fr\/wp-content\/uploads\/2023\/04\/ContratObseques-300x200.jpg 300w, https:\/\/pf-poirie.fr\/wp-content\/uploads\/2023\/04\/ContratObseques-768x513.jpg 768w, https:\/\/pf-poirie.fr\/wp-content\/uploads\/2023\/04\/ContratObseques.jpg 848w\" sizes=\"auto, (max-width: 300px) 100vw, 300px\" \/>Le contrat peut pr\u00e9voir l&rsquo;organisation compl\u00e8te des fun\u00e9railles, la mise en bi\u00e8re, le transport du corps, la c\u00e9r\u00e9monie, l&rsquo;inhumation ou la cr\u00e9mation, etc. Il peut \u00e9galement inclure le choix du type de cercueil, les fleurs, les faire-part, les musiques, les prestations de thanatopraxie ou de marbrerie, etc.<\/p>\n<p>&nbsp;<\/p>\n<p>Le contrat obs\u00e8ques permet de pr\u00e9voir \u00e0 l&rsquo;avance les souhaits de la personne d\u00e9c\u00e9d\u00e9e et de soulager financi\u00e8rement sa famille en prenant en charge les frais li\u00e9s aux obs\u00e8ques.<\/p>\n<p>&nbsp;<\/p>\n<p>Il existe deux types de contrats obs\u00e8ques : le contrat en capital et le contrat en prestations. Le contrat en capital pr\u00e9voit le versement d&rsquo;un capital \u00e0 la famille du d\u00e9funt pour couvrir les frais des obs\u00e8ques, alors que le contrat en prestations garantit la prise en charge des services fun\u00e9raires pr\u00e9vus au contrat.<\/p>\n<p>[\/vc_column_text][\/vc_column][\/vc_row][vc_row][vc_column][vc_empty_space][vc_separator color=\u00a0\u00bbpeacoc\u00a0\u00bb][vc_empty_space][\/vc_column][\/vc_row][vc_row equal_height=\u00a0\u00bbyes\u00a0\u00bb content_placement=\u00a0\u00bbmiddle\u00a0\u00bb][vc_column width=\u00a0\u00bb1\/4&Prime;][vc_single_image image=\u00a0\u00bb2770&Prime;][\/vc_column][vc_column width=\u00a0\u00bb3\/4&Prime;][vc_column_text]Nous pouvons vous proposer un contrat obs\u00e8ques gr\u00e2ce \u00e0 notre partenariat avec JPV. N\u2019h\u00e9sitez pas \u00e0 <a href=\"https:\/\/pf-poirie.fr\/index.php\/contact\/\"><u>nous contacter<\/u><\/a> ou \u00e0 nous demander un devis en <a href=\"https:\/\/pf-poirie.fr\/index.php\/demande-de-devis-prevoyance\/\"><u>cliquant ici<\/u><\/a>.[\/vc_column_text][\/vc_column][\/vc_row]<\/p>\n","protected":false},"excerpt":{"rendered":"<p>[vc_row][vc_column][vc_empty_space height=\u00a0\u00bb50px\u00a0\u00bb][vc_column_text] Contrat Obs\u00e8ques [\/vc_column_text][vc_empty_space height=\u00a0\u00bb30px\u00a0\u00bb][vc_column_text]Un contrat obs\u00e8ques est un contrat conclu entre une personne et une entreprise de pompes fun\u00e8bres ou une compagnie d&rsquo;assurance, qui a pour objectif de pr\u00e9voir et de financer les frais li\u00e9s \u00e0 ses obs\u00e8ques.[\/vc_column_text][vc_empty_space height=\u00a0\u00bb20px\u00a0\u00bb][\/vc_column][\/vc_row][vc_row][vc_column][vc_empty_space][vc_column_text]Le contrat peut pr\u00e9voir l&rsquo;organisation compl\u00e8te des fun\u00e9railles, la mise en bi\u00e8re, le transport du&hellip;<\/p>\n","protected":false},"author":1,"featured_media":0,"parent":0,"menu_order":0,"comment_status":"closed","ping_status":"open","template":"","meta":[],"class_list":["post-2615","page","type-page","status-publish","hentry","description-off"],"_links":{"self":[{"href":"https:\/\/pf-poirie.fr\/index.php\/wp-json\/wp\/v2\/pages\/2615","targetHints":{"allow":["GET"]}}],"collection":[{"href":"https:\/\/pf-poirie.fr\/index.php\/wp-json\/wp\/v2\/pages"}],"about":[{"href":"https:\/\/pf-poirie.fr\/index.php\/wp-json\/wp\/v2\/types\/page"}],"author":[{"embeddable":true,"href":"https:\/\/pf-poirie.fr\/index.php\/wp-json\/wp\/v2\/users\/1"}],"replies":[{"embeddable":true,"href":"https:\/\/pf-poirie.fr\/index.php\/wp-json\/wp\/v2\/comments?post=2615"}],"version-history":[{"count":10,"href":"https:\/\/pf-poirie.fr\/index.php\/wp-json\/wp\/v2\/pages\/2615\/revisions"}],"predecessor-version":[{"id":2771,"href":"https:\/\/pf-poirie.fr\/index.php\/wp-json\/wp\/v2\/pages\/2615\/revisions\/2771"}],"wp:attachment":[{"href":"https:\/\/pf-poirie.fr\/index.php\/wp-json\/wp\/v2\/media?parent=2615"}],"curies":[{"name":"wp","href":"https:\/\/api.w.org\/{rel}","templated":true}]}}